c - 59 = 0, -u - u + w = 3*c. List the prime factors of u.
2, 7
Suppose 0 = -5*u + n + 67064, -2*u + 9450 = -2*n - 17366. What are the prime factors of u?
2, 19, 353
Suppose -2*s - 4*s - 978 = 0. Let c = s - -215. List the prime factors of c.
2, 13
Let n be (-127)/(12/(-6) - (-3)/2). Let t = n + -171. Suppose -4*z + 443 - t = 0. What are the prime factors of z?
2, 3, 5
Let v = 296 + -294. Suppose -v*r + 12*r = 4590. List the prime factors of r.
3, 17
Suppose -3*n = -1635 - 19950. What are the prime factors of n?
5, 1439
Let z be (217 + -8)*1/1. Suppose -4*l - 360 = -2*k, -4*l + z = k + 11. Suppose 2*j - 88 = 4*m + k, 0 = -3*m + 6. List the prime factors of j.
3, 47
Let f be (-4)/10 - (-5760)/25. Suppose -85*h = -84*h - f. List the prime factors of h.
2, 5, 23
Suppose 229*k = 282*k - 1299666. List the prime factors of k.
2, 3, 61, 67
Suppose -367 - 203 = -57*c. Suppose 5266 = c*k - 2744. What are the prime factors of k?
3, 89
Let f(m) = m**3 - 7*m**2 + m - 5. Let i be f(7). Suppose -4*k = -2*x - 2756, -2*x - i*x = 4*k - 2732. List the prime factors of k.
3, 229
Suppose -9*y + 11*y = 18. Suppose 3 - y = -3*i. Suppose 4*g = -g - 4*t + 161, -i*g + 74 = 4*t. List the prime factors of g.
29
Suppose -86*s + 35 = -91*s. Let d(o) = -118*o + 7. List the prime factors of d(s).
7, 17
Let s(y) = -y**2 - 2*y - 6. Let h(x) = 3*x + 5. Let r(q) = -3*h(q) - 2*s(q). Let k be r(-2). List the prime factors of 3 - (2/3 + (-2635)/k).
2, 89
Let t be 18*4/(-40)*5. Let i be 6/t*13*-3. Let q = 42 - i. What are the prime factors of q?
2
Suppose -j + 14287 = 5*c + 546, -c = 4*j - 54964. What are the prime factors of j?
7, 13, 151
Let d be -11 - (-17936)/24 - 4/3. Let w = d - 213. What are the prime factors of w?
2, 3, 29
Let l = -73 + 326. Suppose -61 - l = -i. What are the prime factors of i?
2, 157
Suppose 232*x + 18 = 235*x. Let i(s) = 8*s**2 - 15*s + 62. What are the prime factors of i(x)?
2, 5, 13
Suppose -2*l = l - 39. Let a(d) = -8*d. Let p(m) = -10*m + 1. Let v(r) = -4*a(r) + 3*p(r). List the prime factors of v(l).
29
Let m be -8*(-2 - (-535)/10)*1. Let k = -238 - m. List the prime factors of k.
2, 3, 29
Suppose -2*r + 167 = 159. Suppose 3*j - r*u - 3161 = 0, 0 = -18*j + 14*j + u + 4219. What are the prime factors of j?
5, 211
What are the prime factors of (-221)/136 + ((-45)/(-24))/(-5) + 22213?
7, 19, 167
Let p = -259 - -758. Let n = -263 + p. What are the prime factors of n?
2, 59
Let d(v) be the third derivative of v**6/30 + v**5/60 - v**4/12 + 231*v**3/2 - 19*v**2. List the prime factors of d(0).
3, 7, 11
Let p = 10959 - 3051. What are the prime factors of p?
2, 3, 659
Let y be (-2 - -3)/(7/(-14)) - -4. Suppose -88 = -x + y*n, -x = 2*x + 5*n - 231. What are the prime factors of x?
2, 41
What are the prime factors of ((-6)/14 + -1)*35/(-10) + 2511?
2, 17, 37
Let y(z) be the first derivative of z**4/4 - 20*z**3/3 - 5*z**2/2 - 18*z - 79. What are the prime factors of y(21)?
2, 3, 53
Let x(i) be the second derivative of -7*i**3 - i**2/2 + 8*i. Let o(j) = -82*j - 3. Let s(b) = 3*o(b) - 5*x(b). List the prime factors of s(-1).
2
Let r = 901 + -643. Suppose 0*a + r = -a. Let o = -102 - a. List the prime factors of o.
2, 3, 13
Suppose -5*f = -20, 0*n - n - f + 6 = 0. Let y(x) = -5*x + 38 + 8*x - 7*x + n*x. List the prime factors of y(0).
2, 19
Suppose 436 = i + 1369. Let x = i + 1425. List the prime factors of x.
2, 3, 41
Suppose -108*z = -113*z + 155. Suppose z = 4*w - 3*d + 4*d, -5*w + 23 = -4*d. Suppose 10*r - w*r - 60 = 2*y, -4*r + 100 = 4*y. List the prime factors of r.
2, 11
List the prime factors of ((-24)/(-3) - 1)*(2133 - -86).
7, 317
Let g(k) = 39*k - 188. Let i be g(6). Suppose -3*d + 238 = i. List the prime factors of d.
2
Let t(m) = 665*m + 24. Let n be t(2). Suppose -4*a = -4*g - 1084, g + 3*g + n = 5*a. List the prime factors of a.
2, 3, 5
Suppose 2 = -14*h + 15*h. Suppose 3 = -3*t - 5*w + 2*w, -h*w = 10. List the prime factors of t.
2
Suppose 8*r = 12*r - 6400. Suppose 7*k = -123 + r. Let t = k - 100. What are the prime factors of t?
3, 37
Suppose 4*x - 3*k + 65 = 0, -x - 13 = 4*k - 8*k. Let v = -17 - x. Suppose -6*c + c + 255 = v. List the prime factors of c.
3, 17
What are the prime factors of (-528)/10*(10 + 11 + -201)?
2, 3, 11
Suppose -2*i = 4*r + 20, -3*i + 2*r - 5*r - 33 = 0. List the prime factors of (2590/(-4) - -1)/(6/i).
3, 431
Let l(m) be the second derivative of -m**3/6 - 2*m**2 - 13*m. Let r be l(-4). Suppose -u - 1 + 129 = r. What are the prime factors of u?
2
Let p = 726 + -408. Suppose 3*f + p = 6*f. Let y = f + -66. What are the prime factors of y?
2, 5
Suppose 403*x + 626544 = 451*x. List the prime factors of x.
3, 19, 229
Suppose 37*c - 24*c - 66157 = 0. List the prime factors of c.
7, 727
Let h(v) = 3*v**3 - v**2 - 24*v - 9. Let i(c) = -13*c**3 + 3*c**2 + 94*c + 36. Let a(q) = -9*h(q) - 2*i(q). What are the prime factors of a(-6)?
3, 5, 11
Let y(i) be the third derivative of 43*i**5/20 + i**3/6 + 189*i**2. Let s be (-1)/(1*(-4)/(-4)). List the prime factors of y(s).
2, 5, 13
Suppose -19*j + 63*j - 128436 = 0. Suppose 5579 = j*o - 2912*o. List the prime factors of o.
797
Let z be 4/1*27/36. Suppose 2*t + 143 = 4*j + t, -22 = -j + z*t. Let b = j - 3. List the prime factors of b.
2, 17
Suppose -f - 4*g = -6, -g = -2*f + 3*g. Let a be (f - (-15)/(-6))*-2 + 134. Suppose 250 + a = 5*z. What are the prime factors of z?
7, 11
Let j(f) be the second derivative of -3*f**5/10 - f**4/12 - f**3/3 - 4*f**2 + f. Let z = -14084 + 14082. List the prime factors of j(z).
2, 5
List the prime factors of -7 + 46182/(-15)*-10.
30781
Let u = -3270 - -5545. List the prime factors of u.
5, 7, 13
Let q be 8*(2 + 0) + -56 + 53. Suppose 15*z = q*z - 12. What are the prime factors of (8/(-5))/(z/795)?
2, 53
Let s(k) be the first derivative of 5*k**3/3 + 13*k + 274. What are the prime factors of s(-17)?
2, 3
Suppose -5*d + 11642 = 2*s, -d + 5*s = 2*s - 2342. What are the prime factors of d?
2, 5, 233
Let w(g) = g + 13. Let f(d) = -d - 14. Let k(x) = 5*f(x) + 6*w(x). Let i be k(-3). List the prime factors of (i/(-4))/((-12)/912).
5, 19
Let a = 10248 - 2687. List the prime factors of a.
7561
Let k be 3*((-8)/6)/((-4)/2). Let y(u) = -2*u + 3*u**2 - 3*u**k - 4*u**2 - 4 + u**3. List the prime factors of y(7).
3, 43
Let c(i) = -2*i**3 + 6*i**2 - 5*i + 4. Let v be c(2). List the prime factors of v/(-6) + (-25506)/(-54).
2, 59
Let v be (-2)/(-4)*0/(5/5). Suppose v = 7*k - 2*k - 965. Let i = k + -106. List the prime factors of i.
3, 29
Let a(f) = 450*f + 620. List the prime factors of a(24).
2, 5, 571
Suppose -b = -1247 - 176. Let o = -895 + b. Suppose -w - 141 = -p + w, -4*p + o = 4*w. List the prime factors of p.
3, 5
Let b = 6 + -13. Suppose -9997*g + 10017*g + 3260 = 0. Let r = b - g. List the prime factors of r.
2, 3, 13
Suppose -3*c = 4*t - 17, -5*c - t = -2*t - 13. Let v be ((-8)/c + 2)*(-72)/(-16). Let g(k) = 11*k**2 + 3*k + 4. What are the prime factors of g(v)?
2, 47
Let h(i) = i**3 + 2*i**3 + 2*i - 18 - i**3 - i**3 - 11*i**2. Let d be h(11). Suppose -d*z = -26 - 150. List the prime factors of z.
2, 11
Suppose 12 = 4*n - 0*n. Suppose -3*t + 309 = -n*r, -2*t - 289 = -5*t - r. Let w = t + -54. List the prime factors of w.
2, 11
Let p(t) = 3*t**2 + 16*t + 76. Suppose 0 = 7*k + 9*k + 368. What are the prime factors of p(k)?
5, 7, 37
Let j be 6*(1 - (-2)/3). Suppose 7*h = j*h - 603. Suppose 2*b - h = -b. List the prime factors of b.
67
Suppose -4*q + 3*c = -15052, 14*c - 15*c = -4. What are the prime factors of q?
2, 7, 269
Suppose 0*m + 1 = m. Let v be (m - (-6)/(-5)) + (-26)/(-5). Suppose -413 = -v*y + t, 2*y + 4*t - 285 + 111 = 0. List the prime factors of y.
83
Let s be 4/26 - (176302/(-26) + 4). Suppose -s = 55*n - 64*n. What are the prime factors of n?
3, 251
Let u(n) = -17254 - 5*n - n**2 + 17310 + 3*n. List the prime factors of u(0).
2, 7
What are the prime factors of 29574 + -25 - -16 - 11?
2, 7, 2111
List the prime factors of (0 - -545490)/15 - (4*2 - 1).
103, 353
Suppose -5*h + 4*c = -2*h - 128, 3*h + 2*c - 134 = 0. Suppose -38 = -34*n + 30. Suppose 4 = -n*m + h. What are the prime factors of m?
2, 5
Let z(t) = -5*t + 129. Let m be z(24). Suppose -6*k + 3*k = m, -4*k - 724 = -j. What are the prime factors of j?
2, 89
Let o(i) = -5*i - 10. Let r be o